/m + -236. Let i = 443 + x. Is i a composite number?
True
Let t = -15480 - -34637. Is t prime?
True
Let f(d) = -21*d - 8. Suppose 0*x - x + 3*l = 8, -3*x + 2*l = 10. Is f(x) composite?
True
Let w(n) = 8*n - n + 0*n + 0*n**3 + 2*n**3 + 4 - 6*n**2. Let k be w(6). Is -1 + k - (4 + 0) prime?
True
Let p(o) = o**3 + 21*o**2 - 26*o - 41. Let f = -82 + 64. Is p(f) a composite number?
False
Suppose 4*w = 260 + 28. Let i = w - -77. Is i composite?
False
Let n = -54877 + 82263. Is n a prime number?
False
Let a = -46 - -10. Is 9/a - (-14919)/12 prime?
False
Is 2*((-14)/(-56))/((-2)/(-24452)) prime?
True
Let l be (-4)/(-6) - (-175)/(-15). Let s be 378/22 + 2/l. Suppose -3*m + 47 = s. Is m composite?
True
Is 2/(-3) + 2 - (-110117)/21 a composite number?
True
Let b = 591 + -407. Is b + 1 - (12 + -8) a prime number?
True
Let h(g) = 108*g - 55. Is h(7) composite?
False
Let z(h) = 16*h + 1. Let j be z(2). Suppose 12*g = 7*g + 460. Let d = g - j. Is d a composite number?
False
Suppose 5*a = -0*x - 3*x + 16031, -6408 = -2*a + x. Is a prime?
False
Suppose -3*u + 5 = -1. Suppose -3*w = u*w - 10. Suppose 2*y + 7*j - w*j - 190 = 0, -j + 89 = y. Is y a composite number?
True
Let d(r) = -398*r - 483. Is d(-20) a prime number?
True
Suppose 5*f - 681 - 234 = 0. Let c = -334 + f. Let b = 220 + c. Is b prime?
False
Let b(r) = 15961*r**2 - 5*r + 3. Is b(1) composite?
False
Suppose -o = -3*i - 6 - 10, 0 = 3*i - 3*o + 6. Let b(s) = s**3 + 12*s**2 - 10*s - 4. Is b(i) prime?
True
Let n(f) = -36*f - 11. Let z(u) = -36*u - 10. Let g(r) = -7*n(r) + 6*z(r). Is g(13) a composite number?
True
Suppose i = -2*c + 5997, -19*i + 20*i - 4*c - 6027 = 0. Is i a prime number?
True
Let i = 5447 - 1258. Is i a prime number?
False
Let b(v) = v + 373. Suppose 0 = -9*r + 11*r. Is b(r) prime?
True
Let y = -4 - -5. Suppose -y = u - 113. Suppose -47 = -i - 3*l, -l - u = -2*i + 2*l. Is i a prime number?
True
Let u = 1065 - 398. Let w = u + -332. Is w composite?
True
Let b = -17 + 20. Suppose -4*a = -b*a + 151. Let l = a + 354. Is l prime?
False
Suppose 0 = -0*i - i + 3. Suppose -i*a = -5*h - 339, -a = 4*h + h - 93. Let r = a + -21. Is r a prime number?
False
Let v(b) = -b + 9. Let s be v(7). Let n(l) = 1 + 28*l**s - 12*l**2 + 14*l**2. Is n(-1) prime?
True
Suppose 8 = -4*q + 6*q + 2*p, 5*q + 3*p - 12 = 0. Suppose q = -5*i + 2*l - 4*l + 775, 0 = 4*i - l - 633. Is i prime?
True
Suppose 3*m - 2*d + 6*d - 28 = 0, 0 = m - d. Suppose -3*c + m*c - 493 = 0. Is c a prime number?
False
Suppose o + 3*c - 1367 = 0, -4*o + 37*c + 5498 = 34*c. Is o a prime number?
True
Suppose -2*x - 9 = 2*w + x, -2*w - 12 = 4*x. Suppose -r - 4*r + 3485 = w. Is r prime?
False
Let b(i) = 702*i**2 + 2*i - 21. Is b(-5) a prime number?
True
Let c(j) = 13*j**2 - 8*j + 6. Let h be c(5). Let g = h + -58. Is 12/(-18) - g/(-3) a prime number?
False
Let u(c) = 70*c - 5. Let w be u(4). Suppose -2*j + 2092 = 5*f - w, -950 = -2*f - 4*j. Is f a composite number?
True
Is 21/6*834/21 prime?
True
Let b = 1123 - 711. Let z = 67 + b. Is z composite?
False
Let p = -139 + 148. Suppose -12*w + 14349 = -p*w. Is w prime?
True
Suppose -9*q + 5*q = 5*g - 1878, 0 = g - 2. Is q composite?
False
Let p = 14247 + -3586. Is p prime?
False
Suppose -3*r + 0*r - 2*p + 13 = 0, 2*p = r + 1. Suppose r*w - 72 = 813. Is w composite?
True
Let r(d) = d**3 - d**2. Let b(z) = 4*z**3 - 10*z**2 - 5*z + 7. Let o(s) = b(s) - 3*r(s). Let g be o(7). Let v = 7 - g. Is v a prime number?
False
Let v(l) = -2*l**2. Let t(a) = 69*a**2 + 2*a - 1. Let c(i) = t(i) - 6*v(i). Suppose -2*h - 4 = -0*h. Is c(h) a composite number?
True
Suppose 98*n - 100*n = -o + 10747, 5*n + 15 = 0. Is o prime?
False
Suppose -5*m - 5*s + 16 = -s, -2*m - 8 = -2*s. Let b be 0*3/(-9) - m. Suppose -16*w + 15*w + 141 = b. Is w a composite number?
True
Let w(o) = o - 3. Let d be w(10). Suppose d*p = 4*p + 3243. Is p prime?
False
Let p = -40 - -67. Is (9/p)/(3/873) a prime number?
True
Let b = 223077 - 109796. Is b a composite number?
True
Suppose -1753 - 26592 = -5*a. Is a a composite number?
False
Suppose 2*h - 6 = -2*l, -3 = h - 3*h + l. Is ((-5)/h - 1)*(0 - 298) a composite number?
True
Let r = 1050 - -311. Is r a composite number?
False
Let h = 94 + -94. Suppose -g = 5*y - 1943, h = 2*y - 2*g + 34 - 816. Is y a prime number?
True
Let o = -33 - -9. Let j = o - -61. Is j composite?
False
Suppose 2*j - 22 = -a - a, -2*a + 16 = -4*j. Suppose a*y - 2032 = 6*y. Suppose 0 = 2*n - 6*n + y. Is n composite?
False
Suppose -3*s + 62366 = -w, 6*w - 3*w = -5*s + 103948. Is s a prime number?
True
Suppose 3*z - x - 22 = 0, -5*x + 3*x - 2 = 0. Suppose -2*o + 1 - z = 0. Is (-2726)/(-8) - o/12 prime?
False
Let m = -4001 - -6184. Is m composite?
True
Is (-36132)/16*(-8)/6 composite?
False
Let b be (-15)/9 - (-4)/(-12) - -3. Is (((-381)/(-12))/(b/4))/1 prime?
True
Let b = -66 + 68. Suppose -b*i + 4*k - 5*k + 1889 = 0, 4*i - 5*k = 3757. Is i prime?
False
Let k(y) = y**3 + 44*y**2 + 28*y - 56. Is k(-31) composite?
True
Let l be 20326/(-24)*-3 - 6/(-24). Suppose 3*h + 384 = l. Is h a composite number?
False
Let r(s) = s**3 - 13*s**2 - s + 12. Let o be r(13). Let x be ((-2)/o)/(6/150). Suppose 3*v = 5*v - x. Is v prime?
False
Suppose 315927 = 34*k + 97273. Is k a prime number?
False
Let o(y) = 5*y**2 + 29*y - 44. Is o(18) a prime number?
False
Suppose -4*j = j - 175. Let v = 24 + j. Let o = v - 26. Is o a composite number?
True
Suppose m - 4 + 29 = 5*d, 0 = 2*d + 4*m - 10. Suppose 0 = 4*s - 5*y - 1027, 1250 = d*s - 0*s + 5*y. Is s a composite number?
True
Let g be (-2)/12*-3*4. Suppose 0*n + g*n - 8 = 0. Suppose 3*d - 130 = c, -n*d = -5*c - 249 + 72. Is d composite?
False
Suppose 3*q + 4912 = 5*q. Suppose -2*g + 486 = -q. Is g a prime number?
True
Suppose 10 = -m + 3*m. Suppose -5 = -2*a - m*b, -5*a + b = -0*b + 1. Suppose a*c = 4*c - 1676. Is c composite?
False
Suppose -4 = 5*y - 39. Suppose -3*g = -q - 16, -y*g - 118 = 5*q - 3*g. Is q/33 - (-694)/6 a composite number?
True
Suppose 22*v = 8*v + 216706. Is v a composite number?
True
Let f = -9 + 24. Suppose 4*u + 7 - f = 0. Is 1664/20 - u/10 composite?
False
Is 2/(4/47)*(1291 - 317) a prime number?
False
Let i = 186 + -97. Is i prime?
True
Let y = 15118 + -6899. Is y a prime number?
True
Suppose 31 = 3*r + r - s, 5*s - 5 = 0. Let q be (4/(-3))/(r/(-12)). Is q/(-3)*585/(-6) prime?
False
Is (41505/12*2)/(3/6) prime?
False
Let u = -30398 + 49671. Is u prime?
True
Let u = -144 + 146. Let d(i) = 416*i**2 - 2*i - 1. Let a be d(2). Is a/14*u/3 composite?
False
Let a(p) = 4*p**2 + 3*p + 1. Let y(t) = t**3 + 6*t**2 + 3*t - 5. Let r be y(-5). Let h be 5 - 3 - r - 1. Is a(h) prime?
True
Suppose 3 - 4 = n. Let s be 9*((-4)/(-3) + n). Suppose 0 = -g + s*o + 697, -1858 = -4*g + 5*o + 958. Is g a prime number?
True
Let w(d) = 7*d**3 - 5*d**2 + 24*d - 11. Let z(r) = -13*r**3 + 11*r**2 - 47*r + 22. Let p(y) = -5*w(y) - 3*z(y). Is p(8) composite?
False
Let n(x) = -x - 2. Let z be n(-2). Let h(j) = -2*j + 54. Let a(g) = -1. Let y(k) = 3*a(k) + h(k). Is y(z) composite?
True
Suppose 0 = -163*d + 175*d - 43692. Is d a prime number?
False
Let z(n) = 4*n + 2. Let k be z(-2). Let l(i) be the second derivative of i**4/12 - 2*i**3/3 - i**2/2 + 4*i. Is l(k) a composite number?
False
Let q be 1/2*(5 - 1). Let z be (-21)/(-27) + q/9. Is 44/z + -2 - 3 a prime number?
False
Suppose 4*d + 9 + 31 = 0. Let o(p) = -p**2 - 8*p + 13. Let h be o(d). Is h/(3 + 264/(-87)) prime?
False
Is 2/(-7) - 902937/(-49) prime?
True
Let v(o) = 105*o**2 - 11*o + 79. Is v(7) prime?
True
Let q be (2/8)/((-4)/(-48)). Let t be q/2*(9 + -5). Suppose -5*c - m + 387 = 0, -4*m + t = -2. Is c a prime number?
False
Let p(m) = 23*m**2 - m + 7. Let i = 61 - 58. Is p(i) a composite number?
False
Suppose 3*d - 2*b - 45 - 74 = 0, 0 = 2*d - 5*b - 72. Let f = 324 + d. Is f composite?
True
Let u(o) = 35*o**2 + 3*o - 7. Suppose -2*p - 2*r + 6*r = 0, 0 = 4*p + r - 9. Let a = p + 1. Is u(a) prime?
True
Suppose -p + 0*p + 5 = 0. Let v(n) = -n - 1. Let z be v(p). Is 903/14*(-8)/z prime?
False
Let k(n) = 2*n**2 - 3*n - 17. Let s be k(5). Is s/12*(184/6 - -2) a composite number?
True
Let t(h) be the first derivative of h**5/10 - 5*h**4/12 - h**3 - 2*h**2 - 2*h + 3. Let j(l) be the first derivative of t(l). Is j(5) prime?
False
Let m = 1 + 177. Let f = 43 - 40